{"id":2,"date":"2014-05-21T12:41:03","date_gmt":"2014-05-21T12:41:03","guid":{"rendered":"http:\/\/supervision-judith-richter.de\/?page_id=2"},"modified":"2023-09-25T18:57:23","modified_gmt":"2023-09-25T16:57:23","slug":"beispiel-seite","status":"publish","type":"page","link":"https:\/\/supervision-judith-richter.de\/","title":{"rendered":"Herzlich Willkommen auf meiner Homepage"},"content":{"rendered":"<p style=\"text-align: left;\">Sicherlich \u00fcberlegen Sie gerade, eine bestimme Situation in Ihrem Leben zu ver\u00e4ndern.<\/p>\n<p style=\"text-align: left;\">Und Gl\u00fcckwunsch \u2013 den ersten Schritt haben Sie getan \u2013 gehen Sie weiter und staunen Sie, was alles m\u00f6glich ist, wenn Sie sich auf einen Beratungsprozess einlassen. Aus eigener<br \/>\nErfahrung und aus den Erfahrungen meiner Kunden und Kundinnen, kann ich Ihnen sagen: Es lohnt sich!<\/p>\n<p style=\"text-align: left;\">Gerne biete ich Ihnen meine Beratungskompetenz an und gemeinsam finden wir eine f\u00fcr Sie passende L\u00f6sung.<\/p>\n","protected":false},"excerpt":{"rendered":"<p>Sicherlich \u00fcberlegen Sie gerade, eine bestimme Situation in Ihrem Leben zu ver\u00e4ndern. Und Gl\u00fcckwunsch \u2013 den ersten Schritt haben Sie getan \u2013 gehen Sie weiter und staunen Sie, was alles m\u00f6glich ist, wenn Sie sich auf einen Beratungsprozess einlassen. Aus &hellip; <a href=\"https:\/\/supervision-judith-richter.de\/\">Weiterlesen <span class=\"meta-nav\">&rarr;<\/span><\/a><\/p>\n","protected":false},"author":1,"featured_media":0,"parent":0,"menu_order":0,"comment_status":"open","ping_status":"open","template":"","meta":[],"_links":{"self":[{"href":"https:\/\/supervision-judith-richter.de\/index.php?rest_route=\/wp\/v2\/pages\/2"}],"collection":[{"href":"https:\/\/supervision-judith-richter.de\/index.php?rest_route=\/wp\/v2\/pages"}],"about":[{"href":"https:\/\/supervision-judith-richter.de\/index.php?rest_route=\/wp\/v2\/types\/page"}],"author":[{"embeddable":true,"href":"https:\/\/supervision-judith-richter.de\/index.php?rest_route=\/wp\/v2\/users\/1"}],"replies":[{"embeddable":true,"href":"https:\/\/supervision-judith-richter.de\/index.php?rest_route=%2Fwp%2Fv2%2Fcomments&post=2"}],"version-history":[{"count":10,"href":"https:\/\/supervision-judith-richter.de\/index.php?rest_route=\/wp\/v2\/pages\/2\/revisions"}],"predecessor-version":[{"id":100,"href":"https:\/\/supervision-judith-richter.de\/index.php?rest_route=\/wp\/v2\/pages\/2\/revisions\/100"}],"wp:attachment":[{"href":"https:\/\/supervision-judith-richter.de\/index.php?rest_route=%2Fwp%2Fv2%2Fmedia&parent=2"}],"curies":[{"name":"wp","href":"https:\/\/api.w.org\/{rel}","templated":true}]}}